late the highest common divisor of y and f.
14
Let w(y) be the third derivative of -3*y**4/8 + 98*y**3/3 - 49*y**2. Let p be w(0). Calculate the greatest common divisor of p and 4.
4
Let w be (-5)/((-10)/148) - 5. Let d = -25 + w. What is the highest common factor of d and 11?
11
Suppose -856*t + 888*t - 20224 = 0. Calculate the greatest common divisor of 395 and t.
79
Let t(s) = s**3 + 6*s**2 - 5*s - 27. Let a be t(-5). Suppose c + 3*o - 185 = 269, 4*c = 3*o + 1846. Calculate the greatest common divisor of a and c.
23
Let h(f) be the second derivative of -55*f**3/6 + 13*f**2 - 101*f. Let k be h(-10). What is the highest common divisor of k and 36?
36
Suppose n + 2*n - 39 = 0. Let y(p) = 5*p**3 - 73*p**2 + 105*p + 26. Let c be y(13). Calculate the highest common factor of n and c.
13
Suppose -3*t - 11 = -5*o, -o - t = -5*t + 8. What is the highest common divisor of o and 1492?
4
Let h = -289 + 322. Suppose b + 31 = 4*f, -4*b = -3*f - 0*f + h. What is the highest common factor of f and 28?
7
Let y(a) = 5*a - 120*a**2 - 1 - 6 + 121*a**2. Let g be y(-8). Let h = g + -16. What is the greatest common factor of h and 11?
1
Let b be (-21)/3 + -1 - (8 + -599 + 7). What is the highest common divisor of b and 1984?
64
Let x be (-30 - -1152)/((-5)/(-5)). What is the highest common divisor of x and 174?
6
Let j be 400/12*(-6)/(-4). Let p = -333 + 433. Calculate the highest common factor of p and j.
50
Suppose 324*v - 317*v - 308 = 0. What is the greatest common divisor of v and 16?
4
Let a be (504/(-144))/(2/(-4)). What is the greatest common divisor of 5 and a?
1
Suppose -28*f + 33*f - 1735 = 0. Let r = f - 311. Calculate the greatest common divisor of r and 324.
36
Suppose -210 = 4*u + 3*t - 650, 0 = 3*t. What is the highest common divisor of 308 and u?
22
Let i be 5/(-2)*(1 - (-18)/(-10)). Suppose 5*n - i*q = n + 190, -n + 3*q = -45. Calculate the greatest common factor of 120 and n.
24
Let q = -1418 + 1430. Calculate the greatest common divisor of q and 4620.
12
Let p be 93*(-130)/(-60)*2. What is the highest common divisor of p and 884?
13
Let j = 69 - 69. Suppose j*a - 5*a = -105. Calculate the highest common divisor of 3 and a.
3
Let y = 129 - 153. Let w = y - -62. Calculate the highest common factor of 38 and w.
38
Suppose -4*y = -8, 2*c + 4*y - 12 = -0*c. Suppose 5 = q + 9, c*w - q - 8 = 0. Calculate the greatest common divisor of w and 10.
2
Let n be 19/6 + (-1)/6. Suppose -n*s = s - 1104. Suppose -4*r - s = -8*r. Calculate the greatest common factor of r and 46.
23
Suppose 1639 + 2343 = 6*x - 4*u, -2*u = -5*x + 3325. What is the greatest common divisor of 377 and x?
29
Suppose -16 = 145*k - 147*k. Suppose g + 4*q - k*q + 6 = 0, -5*g + 4*q + 2 = 0. Calculate the highest common divisor of g and 37.
1
Let u = -11380 + 11390. Calculate the greatest common divisor of u and 965.
5
Let v = -1147 - -2491. What is the highest common factor of 21 and v?
21
Let w = 5 - 3. Suppose 0 = w*m - 0*m - 6, 5*u + 4*m - 47 = 0. Suppose 93*b + 3388 = 137*b. What is the highest common divisor of b and u?
7
Let b(z) = -z**2 + 3*z + 96. Let s be 6/9*(-45)/10 - -14. Let m be b(s). What is the highest common factor of 184 and m?
8
Let l = 39584 - 37694. Calculate the highest common factor of 147 and l.
21
Let f be 25*(1 + 3/15). Let r be -140*(27/4 + -6). Let u be (420/(-98))/((-102)/r - 1). Calculate the highest common divisor of f and u.
30
Suppose -17*j = 14*j - 62. Suppose 5*q - 16 = 3*s, 2*s - 1 = 3*q - j*q. Suppose -b + 29 - 4 = 0. What is the highest common factor of b and q?
5
Let l be 92/2 - (163 + -148). Calculate the greatest common factor of l and 1736.
31
Suppose -12 - 18 = -6*v. Suppose 0 = -v*y + 338 - 38. What is the highest common divisor of 40 and y?
20
Let m(w) = 907*w - 6363. Let q be m(9). What is the greatest common factor of 72 and q?
72
Let p be (-14)/(-3)*3/1. Let j(n) = -n**3 + 3*n**2 + n + 19. Let r be j(4). Let q be (-39)/(-1 + 0) - (r + -3). What is the highest common factor of p and q?
7
Let y = 35 + -20. Let d = -92 - 131. Let t = d - -328. Calculate the highest common factor of y and t.
15
Let d(s) = s**2 + 94*s + 1668. Let p be d(-82). Calculate the greatest common factor of 72 and p.
36
Let n = -2473 + 2481. What is the greatest common divisor of 670 and n?
2
Let i be 14/8*1*-4 + (-30621)/(-519). Calculate the greatest common divisor of 4186 and i.
26
Let r = -8 + 17. Suppose q = -r*q + 230. Suppose q = 14*b - 61. Calculate the greatest common divisor of b and 10.
2
Suppose 18*x = 9 + 45. Let i be 11*(28 - -6) + x. Calculate the greatest common divisor of i and 29.
29
Suppose -3*f + 50 = 5*b + 200, 2*b = 6. Let k = f + 54. Let j be -39*(4/(-12)*k - 1). Calculate the greatest common factor of 39 and j.
13
Let f = 13465 - 13303. What is the highest common factor of f and 1350?
54
Let d(o) = 151*o - 10. Let l be d(-2). Let m be (l/455*-15)/(2/14). What is the greatest common factor of m and 324?
36
Let t be (-1)/(34/(-540)) + 58/493. Suppose -616 = -t*z + 9*z. Let s be 0/3 - (2 - 13). What is the highest common divisor of s and z?
11
Let t(r) = 41*r + 2. Let x be t(-1). Let q be (54/(-4))/(x/104). Calculate the highest common divisor of 60 and q.
12
Suppose -2*f + 4*w + 36687 + 28133 = 0, -3*f - 5*w + 97186 = 0. What is the highest common divisor of 17 and f?
17
Let f be (12 + 73)*12 + 3. Calculate the greatest common factor of 124 and f.
31
Let f(s) = 16*s + 58. Let j be f(9). Let w = 222 - j. What is the highest common divisor of w and 320?
20
Let h = 20 - 2. Let u be 2/(-6) + 456/h + -2. Calculate the highest common factor of u and 713.
23
Let v = 35960 - 35825. Suppose 2*w - 2*l = 7*w - 52, w - 5 = 5*l. What is the highest common divisor of v and w?
5
Let k be 126/6 - (44 - 30). Calculate the highest common divisor of k and 2345.
7
Suppose 31*w + 9200 = 5*f + 26*w, 4*w = -f + 1840. Calculate the highest common factor of f and 345.
115
Let v = 3164 - -1057. Calculate the greatest common factor of v and 63.
63
Suppose -2*q + 6*f + 185 = f, f = 5. Let p(h) = 42*h**2 + 753*h + 186. Let g be p(-18). Calculate the greatest common divisor of g and q.
15
Let a be (5054/(-21) + 0)/(6/(-9)). Let u = -313 + a. Calculate the greatest common divisor of 60 and u.
12
Suppose 19*u - 3*r = 21*u - 1207, -1820 = -3*u + 5*r. Let j = u + -566. Calculate the greatest common divisor of j and 30.
3
Suppose 0*i = 4*i. Suppose i = 5*w - 68 - 12. Let k(n) = -4*n**3 - 6*n**2 + 12*n + 48. Let o be k(-4). Calculate the highest common divisor of o and w.
16
Suppose -2*t = -t + 3, 3*z - 138 = 4*t. Let u be (4/3)/((-11)/(-924)). What is the greatest common divisor of u and z?
14
Suppose -u = -a - 421, -2*a = 13*u - 16*u + 839. Let k = a + 516. What is the greatest common factor of 414 and k?
46
Let a be ((-12)/(-8))/(1*(-1)/(-12)). Let v = a - 12. Let u = -2 + v. What is the highest common factor of u and 1?
1
Let d(w) = -w**3 + 10*w**2 - 22*w - 10. Let b be d(6). Suppose -5*o - 2825 = -b*q, 8*o + 7100 = 5*q + 3*o. Calculate the highest common divisor of q and 57.
57
Suppose 294*s - 1066276 - 5909954 = 2476164. What is the highest common divisor of 42 and s?
21
Let h be (-1)/3 - 32/(-6). Let j be -301 - (-2 + 2 - 0). Let x = 311 + j. Calculate the highest common divisor of h and x.
5
Suppose 4*z + 13775 = 5*a, 9*z - 11020 = -4*a + 6*z. Calculate the greatest common factor of a and 87.
29
Suppose 3*t - 32 = 19. Suppose 15*j + 22 = t*j. Let h(d) = d**3 - 12*d**2 + 13*d + 2. Let p be h(j). Calculate the greatest common factor of 16 and p.
8
Let g be ((-4)/8)/(1/(-8)). Suppose -15 - 11 = 148*w - 174. What is the highest common divisor of w and g?
1
Suppose 8*f - 2400 = 13*f. Let s = f - -634. Calculate the greatest common factor of 66 and s.
22
Suppose -2*y + 2*x = -x - 148, 5*x = 5*y - 360. Suppose 5*s - 12473 = 3*z - 12445, -5*z + 60 = 5*s. Calculate the highest common factor of y and z.
4
Let c(q) = 38 + 217*q - 662*q + 223*q + 221*q. Let u be c(-4). Calculate the greatest common divisor of u and 350.
14
Suppose 4*z + 3*t - 1110 = 303, 4*z - 1401 = t. Calculate the greatest common divisor of 26 and z.
13
Let y = 4 - -8. Suppose 113*c = 136*c - 46. Let p be ((-3)/y)/(c/(-72)). What is the greatest common factor of 3 and p?
3
Let o = 28 + -28. Suppose -l - 5*z + 8 = 